f t?
2
Let p = 4486 - -3613. What is the hundreds digit of p?
0
Let p = -113 - -110. What is the tens digit of ((-25)/10)/(p/318)?
6
Suppose 0*h + 16 = 8*h. Suppose 47 - 41 = h*d. Suppose -7 = -d*l + 2*o, 5*o + 7 = 2*l + 2*l. What is the units digit of l?
3
Let g(y) = -269*y + 49 - 77 + 77. What is the tens digit of g(-2)?
8
Let h be (-286)/(-132) + (-1)/6 - -3. Suppose 695 = 5*o - 2*y, h*o - 420 = 3*y + 270. What is the units digit of o?
1
Let o = -1170 + 3099. What is the thousands digit of o?
1
Suppose -1184 - 1048 = y - 3*g, -5*g = -4*y - 8935. What is the units digit of (-3 + y/9)*3/(-2)?
7
Let h = 542 - 183. Let w = h - 206. Suppose 0 = l - u - 47, l + u - w = -2*l. What is the units digit of l?
0
Let i(d) = 4*d - 13*d + 20*d + 7*d**2 - 12. What is the hundreds digit of i(8)?
5
Let s be (-38)/475 - (-102)/25. Suppose 2*z - 1932 = 4*t - 9*t, -5*t - s*z + 1924 = 0. What is the hundreds digit of t?
3
Let u = -379 - -384. Suppose -s = -u*m + 3565, 2*s - 556 = 4*m - 3402. What is the hundreds digit of m?
7
Let y = 266 + -234. Let l = 409 - y. What is the hundreds digit of l?
3
Suppose 0 = 2*k - 2*a - 2*a - 10034, 4*a = -0*a. What is the units digit of k?
7
Let a(f) be the first derivative of f**4/4 + 7*f**3/3 - 7*f**2 - 6*f + 13. Let s be a(-9). Let y = s - -125. What is the tens digit of y?
8
Let j(g) = 28*g**2 + 28*g - 20. Suppose 0 = 3*n + 3*y + 16 + 14, 2 = n - 3*y. What is the hundreds digit of j(n)?
1
What is the tens digit of 2331*21/18 + (-3)/6?
1
Suppose 356*l - 4113133 + 642742 = 473733. What is the thousands digit of l?
1
Suppose 0 = -5*c + 10 + 5. Let i(o) = -o**3 + 10*o**2 - 8*o - 8. Let h be i(9). What is the units digit of ((-2730)/(-63))/(h/c)?
0
Suppose 3*b - 16 = 2*q + 22, 11 = b + q. Let t be (-118)/(-14) - b/(-21). What is the tens digit of (186/(-8))/(t/(-48)) - -3?
2
Let j(m) = m**2 - 4*m - 1. Let g be j(6). Let c(i) = -i**3 + 14*i**2 + 10*i - 56. What is the hundreds digit of c(g)?
4
Let y(c) = -5 + 5 - 2*c - 6. Let n be (10/8)/(3/(-12)). What is the units digit of y(n)?
4
Let w = 30 + -30. Let b be (5 - -3) + -2 + -1 + w. Suppose -5*g = 0, -2*c + b*g + 10 = -20. What is the tens digit of c?
1
Let j(k) = -6*k**2 - 2*k - 5. Let s(m) = 7*m**2 + 3*m + 6. Let w(y) = 4*j(y) + 3*s(y). Let a be w(1). Let r(v) = -9*v - 21. What is the tens digit of r(a)?
1
What is the thousands digit of 7/((-7)/(11809/(-7)))?
1
Let m(h) = h**2 - 4*h - 2. Let p be m(-9). Suppose -4*l = 16, 0 = -q + 44*l - 47*l - 3. Let o = q + p. What is the hundreds digit of o?
1
Let y(l) = l**3 - 51*l**2 + 32*l - 40. Let t be y(51). Let w = t + -940. What is the tens digit of w?
5
Let r(g) = -8238*g - 99. What is the thousands digit of r(-5)?
1
Suppose 3389 = -13*z + 3974. What is the units digit of z?
5
Let g be 5028 - 1*(-10)/(-15)*-3. Suppose 9*b = 19*b - g. What is the tens digit of b?
0
Let o be 13/(-26) - 93/(-6). Suppose 0 = -o*q + 599 + 4351. What is the hundreds digit of q?
3
Let j(o) = -66*o**2 - 4*o - 3. Let k be j(-2). What is the tens digit of (-400599)/k + 1 + 10/(-14)?
4
Suppose 3*t - 402 = 5*t + g, -3*t - 603 = 4*g. Let b = t - -283. What is the units digit of b?
2
Let j(l) = l**3 - 13*l**2 + 4. Let b be j(13). Let y be 84/(-70)*(-10)/b. What is the units digit of 53/y + (-2)/3?
7
Let v(i) = 160*i**3 - 8*i**2 + i - 11. Let t(p) = -p**3 + 2. Let q(z) = 6*t(z) + v(z). What is the hundreds digit of q(1)?
1
Let w(b) = -1913*b - 696. What is the ten thousands digit of w(-6)?
1
Suppose 14*m = -10*m + 96. Suppose -627 - 969 = -m*h - 5*t, -1596 = -4*h - 3*t. What is the hundreds digit of h?
3
Let n(j) = 92*j - 30*j - 16 - j**2 - 41*j. Let h = -31 - -43. What is the tens digit of n(h)?
9
Suppose -19 + 13 = -3*v. Suppose -12 = -v*w + 24. What is the tens digit of (-313)/(-9) - (50/w - 3)?
3
Let t(h) = 97*h**2 + 12*h - 23. What is the tens digit of t(10)?
9
What is the tens digit of 32/(-56) - (-26691)/147?
8
Suppose -4*z + 2*r + 13032 = 0, 5*z + 0*r - 5*r = 16290. Suppose 0 = 5*y - z + 563. What is the hundreds digit of y?
5
Let g = 1231 - 4535. Let l = g - -5199. What is the tens digit of l?
9
Let k(i) = -12 + 115 - 19*i + 0 + 6*i + 60. What is the hundreds digit of k(-42)?
7
Let v = -230 - -744. Suppose 0 = 6*u - 908 - v. Suppose -u = -i - 94. What is the hundreds digit of i?
1
Let w(z) be the second derivative of -31*z**3/6 - 227*z**2/2 + 12*z + 1. What is the tens digit of w(-14)?
0
What is the thousands digit of (-9516*1)/(131 + -133)?
4
Suppose -3*o = 4*o + o - 29888. What is the hundreds digit of o?
7
Let u(s) = -626*s + s**3 + 8*s**2 + 632*s - 2*s**2 + 10. Let w be u(-5). Suppose -z + 3*t + 125 = 0, w*z - 2*t + 4 - 590 = 0. What is the units digit of z?
6
Let x(d) = -d**3 + 7*d**2 - d + 10. Let y be x(7). Suppose h + 3*a + 8 = 0, -2*h - y*h + 3*a - 112 = 0. What is the tens digit of (182/8)/(-1 + (-25)/h)?
9
Let r be (-6702)/(3*1/(-2)). Let u = r - 7640. What is the hundreds digit of u/(-28) + 8/(-28)?
1
Suppose -5*a - 3*l - 2*l = -70, 0 = a - 5*l - 20. Let m be ((-1)/3)/((-6)/828). Let c = m - a. What is the tens digit of c?
3
Let d(i) = 21 + 15 + 6*i**2 - 6*i**2 - 3*i - 2*i**2. Let f be d(4). What is the hundreds digit of 1710/(-5)*f/12?
2
Let b = -15 - -14. Let l be b - -363 - (-8 + 11). Let h = l - 249. What is the tens digit of h?
1
Suppose -3*h + 5*h = 8. Suppose -9 = c - 4*b, 41*c - 43*c = 9*b - 16. What is the hundreds digit of c + (-3 + h)*185?
1
Suppose 5*s - 564 = 5*k - 9894, -1860 = s - 4*k. Let a = -836 - s. Suppose 10*z = a + 638. What is the tens digit of z?
6
Let t(w) = -92*w + 1989. What is the hundreds digit of t(-41)?
7
Let c = 29498 - 5878. What is the hundreds digit of c?
6
Suppose -4*s + 0*y + 26 = 2*y, 5*y + 19 = 4*s. Suppose -2*j - 22 = 4*o - 160, 2*j - s = 0. What is the units digit of o?
3
What is the hundreds digit of ((-1)/(-10) - 673892/1520)*-16?
0
Let f(u) be the third derivative of -u**4/4 - u**3/3 + 13*u**2. Let s be f(-1). What is the units digit of s/(-34) - (-1965)/85?
3
Let f = 23 + -28. Let l = -7 - f. Let a(q) = 11*q**2 - 2*q - 2. What is the tens digit of a(l)?
4
Let p(s) = 3623*s - 163. What is the hundreds digit of p(1)?
4
Suppose 3*v - 174*q = -170*q + 61040, 81393 = 4*v + q. What is the tens digit of v?
4
Let p(h) = -h**3 + 38*h**2 - 96*h + 43. What is the units digit of p(34)?
3
Suppose -21*f - 1242 = -15*f. Let x = -200 - f. What is the units digit of x?
7
Suppose 256 = 6*m - 10*m. Let t = m + 208. Suppose -r - r = -t. What is the tens digit of r?
7
Suppose 5*v = -5*j - 65, -3*v - 2*j + 14 = 48. Let w be (4 - 1) + v + -76. What is the units digit of 4 - w/(-18) - (-266)/4?
6
Let y(q) = 5*q**2 - 47*q - 2026. What is the ten thousands digit of y(-52)?
1
Let b be 4 + (110 + -1)/(21/399). Let a = -1224 + b. What is the hundreds digit of a?
8
Suppose 6348*o + 228933 = 6375*o. What is the thousands digit of o?
8
Let p(k) = -3*k**3 + 4*k**2 - 2*k - 1. Let l be p(2). Let c be (-2)/(-13) - 1545/l. Let j = 199 - c. What is the tens digit of j?
8
What is the tens digit of ((-3)/((-18)/(-500)) + -4)*(-5145)/10?
3
Let i(n) = -n**3 + 8*n**2 - 2*n - 9. Let w(b) = b**3 - 9*b**2 + 4*b + 8. Let p(a) = 3*i(a) + 2*w(a). What is the units digit of p(5)?
4
Let p(k) = k. Suppose 18 - 16 = -2*n. Let t(r) = -6*r**2 - 7*r - 1. Let g(u) = n*t(u) - 3*p(u). What is the tens digit of g(4)?
1
What is the ten thousands digit of (1 + 2099)*7998/516?
3
Let g be 1 + -8 + 45/(-3). Let t(z) = 3*z**2 + 17*z - 65. What is the hundreds digit of t(g)?
0
Let l = -11361 + 17658. What is the units digit of l?
7
Let s = -331 + 953. Let p = -372 + s. What is the units digit of p?
0
Suppose z - 6 = -z, 3*h = 3*z. What is the tens digit of (0 - -10) + 1 + (5 - h)?
1
Let q(k) = -19*k - 28. Suppose -429 = 2*a + 31*a. What is the hundreds digit of q(a)?
2
What is the hundreds digit of ((-9)/2)/3*(14792120/(-15))/49?
1
Suppose 21*d - 11*d - 80 = 0. Suppose 4*x = d + 12. Suppose 2*a + 5*n = 250, -a + 4*a - x*n = 375. What is the units digit of a?
5
Suppose 78767 = 14*r + 3713. What is the hundreds digit of r?
3
Suppose 3*i - 5*o = 39975, 26*o - 13336 = -i + 24*o. What is the thousands digit of i?
3
Let s = 467 + -434. Suppose -9*n + s*n - 504 = 0. What is the units digit of n?
1
Let x be 12207/(-52) - 3/12. Let w = -68 - x. What is the tens digit o